/(-12))?
42
Let w(g) = -g**3 - 3*g**2 + 4*g - 3. Calculate the remainder when w(-5) is divided by (-37 - -42)/((-4)/((-8)/5)).
1
Let k = 298 - 290. What is the remainder when 1/(-1 + (-18)/(-17)) is divided by k*(1 + (2 - (4 + -2)))?
1
Let i be 5/(10/84) + 4/2. Let u be (-4)/(-10) - i/10. Let d(m) = -7*m + 3. What is the remainder when d(u) is divided by 8?
7
Suppose 5*u - 10 = 0, -82 = 5*x - 4*x - u. Let p be 1*-1 - (6 - x). Let l = p - -156. Calculate the remainder when l is divided by 12.
9
Calculate the remainder when 629 is divided by ((-20)/(-16))/((8/28)/((-48)/(-14))).
14
Let n(h) = h + 19. Let j be n(-3). Let v = 23 - -8. Let l = v - j. What is the remainder when l is divided by 8?
7
Let w(n) = n**3 - 3*n**2 - 10*n - 2. Let g be w(5). Calculate the remainder when (42/(-7) - 62)/g is divided by 7.
6
Let q(z) = -z**3 - 152*z**2 + 457*z - 173. What is the remainder when q(-155) is divided by 266?
3
Suppose 0 = 5*c + 3*c - 32. Let k = -4 + c. Let u(w) = -w**3 + w + 21. What is the remainder when u(k) is divided by 6?
3
Let h = -12984 - -13123. Let l(o) = 10*o - 3. Calculate the remainder when h is divided by l(4).
28
Let n be ((42*5)/(-2) - 4) + -3. Let v = n + 147. Suppose s + 2 = v. Calculate the remainder when 128 is divided by s.
29
Let n = 9 - 4. Suppose 5*v - 57 = -6*j + 2*j, n*j + 4*v = 69. Suppose -h - 17*d = -13*d - 17, -5*d = -7*h + 119. What is the remainder when h is divided by j?
4
Suppose 20*y + 151 = 19*y. Let u = 195 + y. What is the remainder when 173 is divided by u?
41
Let u = 410 - 406. Suppose 0 = 5*i + 10, -178 = -u*y + 2*y - 5*i. Calculate the remainder when y is divided by 48.
46
Let t be (1 + (-21)/12)*(3 + -7). Suppose t*q + 2*i = 96, 96 = 3*q - 2*i - 2*i. Calculate the remainder when (-1)/1 - 256/(-2) is divided by q.
31
Let s(d) = -21*d + 9*d**2 + 3*d**2 - 14*d**2 + 6 - 29*d. Calculate the remainder when s(-23) is divided by 51.
47
Suppose -15*n = -7*n + 40. What is the remainder when 0*(-1)/n + 6 is divided by 5?
1
Let a(t) = 4*t + 16. Let k be a(-3). Suppose 0 = -u - k + 5. Calculate the remainder when 47 is divided by -2 + (u - -13 - -4).
15
Suppose 13*i + 47 = -n + 8*i, 4*n = 5*i - 63. Let o = n - -28. Calculate the remainder when 12 is divided by o.
0
Let p = 217 - -17. Suppose 569*i - 4040 = 509*i - 1160. Calculate the remainder when p is divided by i.
42
Let z = -194 - -326. Let b = z + -109. What is the remainder when b is divided by 9?
5
Suppose -121 + 107 = -7*k. Let u = -7 + 4. Let f = 5 + u. Calculate the remainder when k is divided by f.
0
Let x(o) = o**3 - 3*o**2 - 32. Let g be (6 + -9)/((-1)/3). Let i be (-78)/12 + 7 - g/(-2). What is the remainder when 49 is divided by x(i)?
13
Let r be 0 + 906/12*2. Let t = r - 84. Calculate the remainder when t is divided by 36.
31
Let s(k) = k**3 - 7*k**2 + 6*k + 9. Suppose o + 2*g - 34 = -o, -3*g - 37 = -o. Let w = o - 16. Calculate the remainder when 62 is divided by s(w).
8
Let l = 470 - 438. Suppose 741 = l*w - 603. What is the remainder when 74 is divided by w?
32
Let o = -6409 - -7606. What is the remainder when o is divided by 15?
12
Suppose -5*k = 9*z - 4018, 5*k - 268 = -228. What is the remainder when z is divided by 34?
0
Let s(o) = 31*o**2. Suppose -9*l + 103 = -10*l + 2*w, 2*w = -5*l - 491. Let v = -83 - l. What is the remainder when s(1) is divided by v?
15
Let m(b) = 16*b + 11. Suppose 0 = 6*x + 18. Let s be 3/(((-9)/(-12))/x)*-1. Calculate the remainder when m(s) is divided by 34.
33
Suppose 3*o = 138 + 213. Let b = 58 + -34. What is the remainder when o is divided by b?
21
Suppose -2*j + 2*u + 18 = 0, 0 = -2*j + u - 0 + 14. Calculate the remainder when j + 13*(4 - 3) is divided by 8.
2
Let c be ((-12)/(-15))/(16/1680). Suppose c = i + 5*a, -2*i = 5*a + 22 - 210. Calculate the remainder when i is divided by 27.
23
Suppose 0 = 4*y + y + 1000. Let f be ((1 - 121) + 0)*206/(-309). What is the remainder when 142 is divided by (1*90)/(-1)*f/y?
34
Suppose t = -2*j + 48, t - 3*j = 49 - 11. What is the remainder when 1262 is divided by t?
30
Suppose -8*f + 95*f - 35904 = -287*f. What is the remainder when f is divided by 73?
23
Let b(g) = 6 - 2*g**2 + 24*g - 8 + 16 + 25*g. What is the remainder when b(24) is divided by 7?
3
Let o(b) = 5*b**2 - 7*b + 45. Let g be ((0/(-3))/(-2))/(-12 - -13). Calculate the remainder when 159 is divided by o(g).
24
Let x(l) = l**3 - 4*l**2 + 11*l - 27. Let y(k) = -2*k**2 + 16*k - 9. Let v be y(7). Calculate the remainder when x(v) is divided by 8.
5
Let i(n) = -6*n**2 - 64 - 53*n + 16 + 72*n + 14*n**2. What is the remainder when i(3) is divided by 14?
11
Suppose 0 = 1437*o - 1438*o + 512. Calculate the remainder when o is divided by 9.
8
Let q(b) = 2*b**2 + 246*b - 2060. Calculate the remainder when 2030 is divided by q(8).
14
Let y = -15769 - -15920. What is the remainder when 1227 is divided by y?
19
What is the remainder when 2871 is divided by 94/11 - (1350/(-99))/(-25)?
7
Suppose 4*l + 1322 = 9*l - 3*o, 0 = 5*l + 2*o - 1327. Suppose -2621 - 2071 = -69*n. What is the remainder when l is divided by n?
61
Let d = 125 - 41. Suppose -2*n = n - d. Let z = 8848 - 8793. What is the remainder when z is divided by n?
27
Suppose -214*o + 22035 = -19*o. Calculate the remainder when 1127 is divided by o.
110
Let z(a) = 2*a + 4. Let x be z(-4). What is the remainder when (-2363)/(-11) + x*(-3)/66 is divided by 36?
35
Let y = -3265 + 3742. Calculate the remainder when y is divided by 6.
3
Calculate the remainder when (-7 - 5308/(-12)) + 8/12 is divided by 147.
142
Suppose -2*u = -7*u - 25, 3*u + 679 = -p. Let r = 780 + p. What is the remainder when r is divided by 39?
38
Let x be 395/45 + (-2)/(-9). Suppose x*z = 4*z + 960. Suppose 2*b + 3*u = 112, -4*b + 3*u = u - z. Calculate the remainder when 148 is divided by b.
48
Let z = -6838 + 7017. Calculate the remainder when z is divided by 159.
20
Let c = -2148 - -2182. Calculate the remainder when 277 is divided by c.
5
Let v = 888 - 742. Suppose 3*u = 5*n - 112 - 79, u - v = -4*n. Let t(c) = -3*c - 2. What is the remainder when n is divided by t(-5)?
11
Calculate the remainder when -13*10/(-325) - ((-1276)/10 - 4) is divided by 23.
17
Let m = 16 + 74. Suppose -3*y = 3*q + y - m, y + 71 = 2*q. Suppose -3*d + 14 = -q. Calculate the remainder when d is divided by 9.
7
Suppose -g + 96 = -5*o, -3 = 3*o - 9. Let b = 108 - g. Suppose 0 = 5*z - b*c - 218, c + 168 + 46 = 5*z. Calculate the remainder when 125 is divided by z.
41
Suppose 0 = -43*d + 39*d + 12. Let a be 3 + 35/20 + d/12. Calculate the remainder when 128/a - 6/10 is divided by 6.
1
Suppose r = -5*t + 4443 - 12, 2*t = -4*r + 1794. Calculate the remainder when t is divided by 214.
29
Suppose o - 26 = 19. Suppose -35*u - 33*u + 78*u = 60. What is the remainder when o is divided by u?
3
Let j(g) = g**2 - 25*g + 150. Calculate the remainder when 502 is divided by j(7).
22
Suppose 5*l - 463 - 1197 = -5*a, -l + 1660 = 5*a. Let d = -317 + a. Calculate the remainder when 17 is divided by d.
2
Suppose u = 5*p - 2387, -p + 5*u - 339 + 826 = 0. Calculate the remainder when 1450 is divided by p.
19
Let n(l) = -8678*l + 52082. Suppose -3*w - 4*v = -137, 312 = 5*w - 2*v + 49. Let b = 105 - w. Calculate the remainder when b is divided by n(6).
12
Let o(v) = v**2 + 99*v + 582. What is the remainder when 252 is divided by o(-93)?
12
Suppose 0 = -4*m + 6 + 14. Suppose 3*v + 9 + 29 = -d, -3*d - m*v = 134. Let t = d + 56. What is the remainder when 8 is divided by t?
2
Let t(b) = -2*b**2 + 22*b - 43. Let j be t(8). Let k(w) = 4*w - w + 5 + 1. Calculate the remainder when k(j) is divided by 11.
10
Suppose 758*h - 616*h = 29536. Calculate the remainder when 2081 is divided by h.
1
Let u(h) = -11*h - 23. Let r = -25 + 17. Let w be u(r). Let a = w - 19. What is the remainder when a is divided by 24?
22
Suppose 8*p = -18549 + 19309. Calculate the remainder when 3988 is divided by p.
93
Let t(g) = -g**3 - 9*g**2 + 2*g - 4. Let v be t(-10). Suppose 3*u - v = -4. What is the remainder when 71 is divided by u?
23
Suppose -4*b = -125 + 49. Let y(u) = -9 + b + 3*u**3 + 10*u + 8 - 2*u**3 + 10*u**2. What is the remainder when 26 is divided by y(-9)?
8
Suppose -2*f - 1012 = -12*f - 182. Calculate the remainder when 594 is divided by f.
13
Suppose 73*u - 322*